e -4*l - 10 = -5*h + 2, -4*h + 6 = -5*l. Suppose 0 = 2*z + 3*x - 5, -1 = 3*x - 4. What is the remainder when l is divided by z?
0
Suppose 0 = -v - 18 - 42. What is the remainder when v/(-14) + 2/(-7) is divided by -3 - (0 - 4 - 2)?
1
Suppose -3*i = 2*i - 10. Suppose -4*u + 10 = -p, 3*p + 5*u = p + 19. What is the remainder when i is divided by p?
0
Suppose -o + 20 = o. Let b(l) = 18*l - 1. Calculate the remainder when b(1) is divided by o.
7
Let b = 23 + -19. Let d = 31 - b. What is the remainder when 53 is divided by d?
26
Suppose 4*j - 5*j + 4 = 0. Suppose 2*d + 3*d - 35 = c, -7 = -d - 2*c. What is the remainder when (-8 - j)/(0 - 1) is divided by d?
5
Let z(y) = 4*y**2 - 7*y + 1. What is the remainder when 15 is divided by z(2)?
0
Let c(u) = -17*u. Let o = 9 - 10. Suppose 0 = -3*d - 0*d + 99. Calculate the remainder when d is divided by c(o).
16
Let h = 9 + 34. Calculate the remainder when h is divided by 22.
21
Suppose 2*h + 11 = 5*b, -3*h + 4*b - 24 = -4. Let k(t) = -3*t - 1. What is the remainder when 45 is divided by k(h)?
22
Suppose 3*l - 18 = -2*p + 7, 4*p - 2*l = 74. Let b(u) = 3*u + 3. Calculate the remainder when p is divided by b(2).
8
Let g(u) = -97*u + 7. Let o be g(-4). Suppose 2*a - 232 = -0*j - 3*j, -5*a = 5*j - o. Calculate the remainder when j is divided by 25.
24
Suppose -r + 38 = -3*s, 0 = 2*s - 2. What is the remainder when r is divided by (1/(-3))/((-1)/33)?
8
Suppose -13 = -16*q + 19. Suppose -2 = 2*y - 8. Suppose 0 = -y*o + 5*n - 3*n - 1, 0 = 5*o - n - 10. What is the remainder when o is divided by q?
1
Suppose 5*o = -2*b + 54, 0*b - b + 4*o = -27. Let m = 82 - 31. Calculate the remainder when m is divided by b.
24
Let r(c) = 5*c**2 - 3*c - 1. Calculate the remainder when r(4) is divided by 17.
16
Suppose -4*t + 6*t - 14 = 0. Suppose -4*z + 85 = z. Let r = 36 - z. What is the remainder when r is divided by t?
5
Let m(o) = o**3 + 11*o**2 + 7*o. Let z be m(-8). Suppose 5*q = 129 + z. Calculate the remainder when q is divided by 28.
25
Let c = -27 + 47. Calculate the remainder when c is divided by 6.
2
Suppose -20 - 118 = -6*v. Calculate the remainder when v is divided by 15.
8
Let k = 2 - -1. Suppose -4*h - 2*y = -66, 2*h - 12 = -5*y + 9. Calculate the remainder when 78/14 + h/42 is divided by k.
0
Suppose -5*c = -78 - 87. Suppose 3*k - 27 - c = 0. Calculate the remainder when 57 is divided by k.
17
Let b = -6 + 11. Let o = -11 + -1. What is the remainder when b is divided by (-2 + 5)*(-8)/o?
1
Calculate the remainder when 32 is divided by 1 + 1 + -1 + 228/38.
4
Let m(i) = -3*i**3 + 2*i**2 + 3*i + 1. Suppose -6*h + 156 = -3*h. Calculate the remainder when h is divided by m(-2).
25
Let v(l) = -l**3 - 4*l - 2. Let i(m) = m**3 - 2*m**2 + 2. Calculate the remainder when v(-1) is divided by i(2).
1
Let h = 198 - 193. Let k(i) = -i**3 - 6*i**2 - i - 4. What is the remainder when h is divided by k(-6)?
1
Let z = 20 + -11. Let u = 78 + -54. What is the remainder when u is divided by z?
6
Suppose 12*z - 8*z - 100 = 0. Suppose 4*m + m - 35 = 0. What is the remainder when z is divided by m?
4
Let u = 41 + -13. Let z = u + -17. What is the remainder when 21 is divided by z?
10
Let u(j) = -j**2 - 8*j - 10. Let a be u(-10). Let r = 50 + a. What is the remainder when 38 is divided by r?
18
Let r = 4 + 2. Let f = 19 + -7. Suppose 5*k + f = 8*k. Calculate the remainder when r is divided by k.
2
Let u(x) = -x**3 - 10*x**2 + 11*x + 10. Calculate the remainder when u(-11) is divided by 8.
2
Let w(q) = -q**3 + 6*q**2 - 5*q - 3. Let k be w(5). Let o(p) = -2*p**2 + 2*p + 2. Let f be o(k). What is the remainder when 19 is divided by -1*1/(2/f)?
8
Let d(a) = -a**2 - 13*a - 3. Suppose -4*c + c = 5*y - 50, -3*c + 5*y = -10. Calculate the remainder when d(-8) is divided by c.
7
Let j(m) = -3*m. Let f be j(2). Let g(n) = -n - 7. Let x(i) = -i - 4. Let q(z) = -3*g(z) + 5*x(z). Calculate the remainder when q(f) is divided by 5.
3
Let h = -12 + 17. Suppose 4 = 5*d - h*g - 86, 0 = -3*d + 5*g + 44. What is the remainder when d is divided by 12?
11
Suppose -2*v + 9 + 1 = 0. Suppose -v*l = -0*l - 65. Suppose 3*c = 5*g + 55, 0 = -c - 2*g - 3*g + 45. Calculate the remainder when c is divided by l.
12
Let i = 10 + -5. Let j be 6/(-27) + 4/18. Suppose k = -j*k + 8. What is the remainder when k is divided by i?
3
Suppose 3*t = 54 - 15. What is the remainder when 25 is divided by t?
12
Let a = -8 - 1. Suppose -4*u - 5*l = -131, -3*l = -5*u - 0*l + 136. Let s = u + a. Calculate the remainder when s is divided by 7.
6
Suppose -5*q - 3 = -2*q. Let y(w) = -3*w. Let f(d) = d**2 - 7*d + 2. What is the remainder when y(q) is divided by f(7)?
1
Let z be (5 + 3)/((-1)/(-1)). Let o be 1/((-3)/6) + 19. Let u = o - z. What is the remainder when 25 is divided by u?
7
Let a = 56 + -17. What is the remainder when 76 is divided by a?
37
Suppose -4*d = -3*d. Suppose 4*b + 6 = 4*g + 2, d = g - 2*b + 3. Let f(p) = 7*p + 1. Calculate the remainder when f(1) is divided by g.
3
Suppose -4*m = -3*u, m + 0*m - 4*u = -13. Suppose -6*d + d = 4*x + 33, -5*x - 35 = 5*d. What is the remainder when m is divided by (-1)/(4 + x)*-4?
1
Let v(w) = 9*w**3 - 2*w**2 + 1. Let q be v(1). Let f = -11 + q. Calculate the remainder when 12 is divided by 4*(f/12 + 2).
5
Let z(t) = t + 35. What is the remainder when 83 is divided by z(-14)?
20
Suppose 5*s - 10 = -0*s. Suppose -2*p = -p - s. Calculate the remainder when p*((-1)/(-2) - -2) is divided by 2.
1
Calculate the remainder when 2/(-7) + 275/7 is divided by 8.
7
Let q = 6 - 4. Let w be (-11)/(-4) + (-1)/(-4). Suppose -1 = -w*g + 8. What is the remainder when g is divided by q?
1
Suppose -2*a + 2*o + 4 = -4, 2*a - 5*o = 2. What is the remainder when a is divided by 3?
0
Let o = -185 + 212. What is the remainder when 132 is divided by o?
24
Suppose 4*y - 23 = -6*x + 3*x, 2*x = -2*y + 14. Suppose -3*t = y*t - 20. Suppose -2 + 0 = -k. Calculate the remainder when t is divided by k.
0
Suppose 4*a - 11 = -5*t, -3*t + 8*t - 4*a = 19. Calculate the remainder when 6 is divided by t.
0
Suppose 5*v = -t - 25, 2*v = 7*t - 3*t + 12. Suppose 51 = 2*j + 9. Calculate the remainder when j is divided by -4 - v - (-13 - -2).
10
Let f(s) = -s**2 + s - 7. Let c(h) = h**2 - h + 6. Let d(q) = -7*c(q) - 6*f(q). Let u be d(0). Calculate the remainder when 22 is divided by 2 + u - 1 - -7.
6
Suppose 10*d = 8*d + 24. Calculate the remainder when 23 is divided by d.
11
Calculate the remainder when 34 is divided by (-130)/(-14) - 4/14.
7
What is the remainder when 102 is divided by ((-4)/6)/(12/(-378))?
18
Let b = 4 - 1. Let z(l) = 3*l**3 + l + 2*l + 2 - 2*l**3 - 4 + 5*l**2. Calculate the remainder when z(-3) is divided by b.
1
Calculate the remainder when -1*(-6 - -1)*84/10 is divided by 5.
2
Suppose 0 = -5*j - 5, 2*r = -3*r - 3*j + 12. Suppose z - r*z + 10 = -f, f + 7 = z. Let b = -11 + 15. What is the remainder when b is divided by z?
1
Suppose -60 = -4*d + 160. What is the remainder when d is divided by 19?
17
What is the remainder when 61 is divided by 81*1/5 + (-12)/60?
13
Let f(c) = -53*c**2 + c. Let h be f(1). Let w = -35 - h. What is the remainder when 33 is divided by w?
16
Suppose 0 = 2*f - 4 - 2. Suppose 0 = -4*d + 9 + 23. Calculate the remainder when d is divided by f.
2
Suppose -4*x - 13 = -49. Calculate the remainder when 35 is divided by x.
8
Let s = -3 - -5. Let r = s - -2. Calculate the remainder when r is divided by ((-6)/4)/(1/(-2)).
1
Suppose 4*g - 6*g = i - 6, g + i - 2 = 0. Calculate the remainder when 11 is divided by g.
3
Let m be -11 - ((-5)/1 + 3). What is the remainder when 20 is divided by -2 - (-3)/(m/(-39))?
9
Let c(r) = 2*r**2 + 11*r - 4. What is the remainder when c(-10) is divided by 22?
20
Let b(u) = u**3 + u**2 - u + 59. What is the remainder when b(0) is divided by 12?
11
Let b be 26/(-1 + 5 - 2). Let j = b + -5. Calculate the remainder when j is divided by 45/(-6)*(-2)/3.
3
Suppose -19*k + 17*k = 2*c - 50, 4*k - 20 = 0. Calculate the remainder when 217 is divided by c.
17
What is the remainder when (-4)/10 - (-726)/15 is divided by 18?
12
Let x(v) = 3*v - 10. What is the remainder when 27 is divided by x(8)?
13
Suppose 61 = 2*g - d, 2*g + 2*d = 6*d + 46. Suppose -h = 3*h + 16. Let t = 21 + h. Calculate the remainder when g is divided by